761 - (21 - 0)?
-22
Calculate 43 + (52 - 137) + 51.
9
(107 - (17 - (-17 + 1))) + -29
45
Calculate 443 - 475 - (-57 + 2).
23
What is the value of 2 - (37 + (-17 - -17 - (5 + 7)))?
-23
Evaluate 134 + -144 + 1 + -17 + -17 + 15.
-28
-38 - (-12 - (3 + -6) - (0 + -14))
-43
Evaluate (5 + -18 - (1 + -4 + -2)) + 5.
-3
Calculate -4 - (-16 - (14 - (13 + 64))).
-51
Evaluate (157 - 35) + -36 + 13 + -11 + -1.
87
Evaluate 64 + (-7 + 25 + -15 - (-3 - -1 - 3)).
72
(5 - (-25 + 6) - 73) + -2 + 17
-34
0 - -15 - (51 - (3 - -26)) - -87
80
Calculate 11 + -35 + 14 + -40 + -14 - -6.
-58
Evaluate 30 + -38 + (-10 - -22) + 5 + -7.
2
Calculate -20 + 32 + (-34 + 9 - -14).
1
Calculate -2 + -28 - (-9 - -39 - 27).
-33
Evaluate (-15 - (7 + 2 + -14)) + (2 - -9).
1
What is 11 + 62 - (-547 - -647)?
-27
Evaluate (-6 - (-56 + (14 - -5))) + 6 - (0 + 0).
37
Calculate -59 + 54 + 45 + -45.
-5
What is -3 + -33 + 63 + -24 + 54?
57
-238 - -107 - -307 - 79
97
-17 + -8 + 78 + (-13 - -6) + 18 + 15
79
Evaluate (-25 - -37) + (-5 - (1 + 6) - 10).
-10
Evaluate -1 - -8 - (-3928 + 3902).
33
Evaluate (17 - 2) + 27 - 8.
34
What is 92 + -72 - (3 + -39)?
56
What is 44 + (1 - 23) + 9 - 108?
-77
Evaluate 26 + (-54 - -85) + -50 - (-22 + 1).
28
Evaluate -2 + (23 - (-45 - -25)).
41
-2 + -2 + 5 - (-14 + 61 + 6) - -3
-49
-9 + 29 + -98 - -14
-64
81 - (-105 + 128) - (14 - -1)
43
What is the value of 2041 + -2052 - (-24 - -1)?
12
Calculate (-11 - (4 - (-10 + 3 - -10))) + (0 - -8).
-4
Calculate (-7 - (-10 - (-1 - -45) - -3)) + (-7 - -9).
46
Evaluate 62 + -26 + (-2 - -13 - 11).
36
What is 7 - -2 - (-78 - (28 - 184))?
-69
What is the value of -1 + -24 + 6 + -8 + -2 + 12?
-17
Calculate -27 - (21 - 67) - -14.
33
Calculate 1 + 4 - (161 + (20 - 162)).
-14
Evaluate (-5 - 0 - -49) + -1 - (6 + -11 - -8).
40
What is the value of 18 - ((27 - 13) + -14 + -13 + -5)?
36
Evaluate (41 - -6) + (-4 - (37 + -24)).
30
Evaluate -705 + 687 + -7 + (2 - -3).
-20
Calculate (12 - -105) + 3 - (-36 - (-18 - 5)).
133
What is -1 + -28 - ((1 - 24) + 122 + -112 + 19)?
-35
What is the value of 276 + -286 + 2 + 70?
62
Calculate (8 + -13 - -21 - (0 + 11)) + 52.
57
80 + (-1 - -20) + -40 + 6 + 33
98
What is the value of -393 + 459 + (-24 - (-2 - 5))?
49
-62 + 34 + (-4 - -20) + -10
-22
Calculate -10 - (-83 + (-32 - -44)) - -12.
73
What is 30 + -4 + -16 - (-12 + 2 + -3)?
23
Calculate (-38 - -171) + (-79 - -37) + (7 - 4).
94
What is -21 + (-16 - (-135 - -23)) + -19?
56
Evaluate -8 + -1 + 4 + -4 + -7 + (9 - -11).
4
Calculate -55 + (36 + -2 - (18 - -7)) - (-3 + -1).
-42
Evaluate -9 + -40 + 112 + 9 + -31.
41
What is the value of 24 + 14 + (10 - 22) - -19?
45
Calculate 11 + (98 - 20) + -13.
76
What is the value of -98 + (92 - 12) - (-1 + 39)?
-56
What is the value of (-5 - (-20 - 23)) + -58?
-20
What is -70 + 35 + 61 + 52 + 31?
109
Evaluate (-12 - (-3 + 0)) + -49 + -6 + 33.
-31
Evaluate -684 + 688 + 3 + 3 + -4 + 6.
12
What is 39 + (3 - -22) + -40?
24
What is -18 - (-3 + (2 - ((16 - 1) + -13)))?
-15
78 + -3 - ((63 - 61) + 2)
71
76 - 34 - (6 - (-2 - 2)) - -9
41
What is -10 + 2 + 9 + (-2 - -7) + -19?
-13
(-1 - 3) + 1 + -3 - (-62 + -17 - -67)
6
Evaluate -34 + (-4 - (-65 - -27)) - (3 + -25).
22
Evaluate -1 - 122 - (16758 - 16744).
-137
What is the value of 7 - 8 - 23 - (-67 + 44)?
-1
7 + 22 + -40 + -7 - 14
-32
What is the value of 53 + -82 - -77 - 23?
25
(-165 - -118) + 53 + (-43 - (0 - -1))
-38
Evaluate -21 + (26 - -4) + (8 + -1 - 64).
-48
What is the value of 50 - (14 + 0) - 7?
29
Evaluate -4 + (10 - 3) + (-28 - -30) + 6 + 14.
25
What is the value of -20 + 3 + 9 + (11 - -8)?
11
What is the value of -23 - 3 - (8 - -1 - 38)?
3
Evaluate -43 + (-28 + 1 - -36).
-34
What is the value of 51 + -171 + 119 - ((-15 - 0) + -2)?
16
What is the value of (-21 + 23 - 18 - -3) + -55?
-68
Calculate 31 - 13 - (52 - (11 + -27)).
-50
(-72 - (42 + -36)) + 115
37
What is 11 + 2 - (-43 + 19 + 39) - 16?
-18
What is the value of 5 + 4 + 11 + (-33 - 19) + 12?
-20
Evaluate (3 - 14) + (-14 + (23 - 19) - 8).
-29
-33 - (-24 - 47 - -24)
14
Evaluate (26 + -11 + 6 + -14 - 54) + (6 - 3).
-44
(-147 - (-169 + 14)) + -1 + 1 + -2 + -6
0
Evaluate -25 + (-14 - (57 + -82)) - (-1 + -2).
-11
21 + (3 + (-37 - -34) - (16 - -2))
3
What is the value of (-16 - ((12 - 12) + -3)) + 14 - 2?
-1
Evaluate -3624 - -3617 - (-66 - 0).
59
What is (1 - (6 - -8 - -36)) + 122?
73
What is 37 + (-69 - -51) - 30?
-11
Evaluate (43 - (-3 + 3)) + (23 + -12 - 2 - 3).
49
Calculate -11 + 1 - (-17 - 27) - (20 + -5 + -4).
23
What is the value of 51 + -108 + 40 - (-52 - 0)?
35
What is -136 + 64 + (17 - 29 - -34)?
-50
Evaluate -22 - (29 + -33 + 70).
-88
Calculate (5 - -1 - (56 + -49) - -2) + (25 - -9).
35
Evaluate (53 - (-8 - (26 - 60))) + 46.
73
Evaluate (36 + -26 - 42) + -2.
-34
What is -74 - (-1 - (-21 + 1) - 58)?
-35
Calculate 30 + -4 - (1 + 9 + -2 + 1).
17
What is -1 + 62 + 3 - (-79 - (-3 + -74))?
66
29 + 26 + 6 + -70 + (-66 - -3)
-72
Calculate -2 + 57 - (-2708 - -2732).
31
Evaluate 15 - 6 - (-3 + 18 - 5 - (40 + -27)).
12
Calculate -2361 - -2330 - (2 - ((5 - 6) + -4)).
-38
Calculate (16 - 44 - -12) + 53.
37
What is (-2 - 70 - 3) + -5 - (-619 - -619)?
-80
What is the value of 9 + (41 - (11 - -23)) + 31?
47
What is the value of (-1 - -2) + -65 - (53 - (76 - 22))?
-63
(4 - (20 + 16 + -34)) + (1 - -6) + 5
14
What is the value of -33 + -69 + 25 + 21 + 76?
20
(-24 - (19 + -37)) + -14 - -3 - -85
68
6 - (-14 - -17) - ((-8 + 5 - -4) + 70)
-68
What is the value of 14 + 4 + -416 + 366?
-32
Evaluate 8 + 5 + 1 + 472 + -468.
18
What is the value of (8 + -3 + 1 - (87 - -16)) + (1 - -4)?
-92
What is -19 + -6 - ((-6 - 3 - -7) + 20 + -8)?
-35
Calculate -157 + (-53 - -193) - (-1 + 3 + -37).
18
Calculate 12 - (132 + -13 + (-10 - (-19 - -10))).
-106
Evaluate -92 + 25 + -67 + -25 + 42.
-117
What is -1083 + 1042 - (7 - (2 - 2))?
-48
(400 - 389) + -1 + 2 + 2
14
Evaluate 14 - (232 + -241 + 3 + -2 + -4 - 47).
73
-22 + (34 - (41 + 8))
-37
What is the value of -6 - (-35 + 59 - (5 + -2) - 6)?
-21
1 + -7 - (-486 + 510)
-30
Evaluate 5 + (14 - ((27 - 34) + 13)).
13
What is the value of -9 + (17 - 9) + -4 + -2 + -5?
-12
What is the value of (14 - -42) + -86 - (2 + -1 + 12)?
-43
What is the value of 345 + -354 + (52 - -3)?
46
(-17 - (43 + -85)) + -36
-11
119 - 95 - (2 + -60 + 11)
71
What is (29 + 13 + -46 - (3 - 2)) + 7?
2
What is the value of 91 + (0 - 24 - -34) + (-5 - 5)?
91
What is -4 - (21 + -39 + 65)?
-51
What is the value of 17 - (21 + 7) - (-63 - -4)?
48
30 + 12 - (-15 + 8 - -3 - -15) - -7
38
Evaluate -71 - (-8 + (2 - -35)) - -18.
-82
Evaluate 110 - -36 - (178 + -88).
56
What is the value of -48 + -24 + 104 - -15?
47
Evaluate 112 + (26 + -27 - 22 - 20).
69
What is 53 + -40 + -14 - -2?
1
Evaluate -62 - ((1624 - 1629) + (-1 + 0 - -8) + -10).
-54
Calculate (-4 - -46) + (8 - 0) + 92 + -97.
45
What is the value of -122 + 122 - (-6 - 1) - -24?
31
What is 6 - (10 - 20) - ((41 - 35) + (1 - 131))?
140
What is the value of (21 - 100) + 156 + -9?
68
What is 56 - (-62 + 83) - -73?
108
What is the value of (-31 - -18) + -28 + 4 + 30?
-7
What is the value of -13 + (28 - (75 + -51))?
-9
Evaluate -2302 - -2353 - (9 - (-6 - (-2 - 1))).
39
Calculate -51 + 133 + -21 + 4.
65
-497 + 404 + 3 + 120
30
What is the value of 15 - (-19 - 12 - -116)?
-70
What is 5 - (-17 - -41) - -78?
59
(32 - 12 - (140 - 131)) + (-1 - 68) + 1
-57
Calculate 8 - (10 + 8 + (17 - 7)).
-20
What is 0 - -5 - -84 - ((5 + -2 - 5) + -8)?
99
What is (-6 + (13 - 13) - 4 - -16) + -41?
-35
Calculate (-36 - (-2 - 11 - 6)) + 19.
2
-465 + 462 + 7 + 21
25
What is the value of -4 + (-1 - (-2 - 9) - (34 + -15) - 121)?
-134
-10 - -3 - -8 - (-122 - -129) - (-52 + -1)
47
Calculate (-92 - 1) + -19 + (46 - (-26 - -60)).
-100
Evaluate -136 + 122 + -21 - 81.
-116
Calculate (8 - (18 - 8)) + (51 - (3 + 22)).
24
Evaluate 8 + -1 + 5 + 0 - (8 - 22).
26
5 - 33 - (13 + -25 + 16 + 1)
-33
What is -1 + 22 - (5 + 13 + -6)?
9
(2 - -23 - 28) + (61 - (0 - (3 + 1)))
62
What is the value of -2 + (-1 - -3) + 30 + -88 + 61?
3
What is (-1 + -3 - (-545 - -558)) + -16?
-33
What is -146 + -47 + 185 - (43 - 0)?
-51
Calculate -14 + 14 + (-10 - 7 - 12) + -5.
-34
What is -104 + 44 + (16 - -17)?
-27
Calculate 3 + -39 - -48 - 80.
-68
What is 11 - 20 - ((5 - ((-7 - -13) + -7)) + -30)?
15
What is the value of -25 + (-25 - -13 - -22) + -12 + 8?
-1